test common divisor of 680 and 11358040?
680
Calculate the highest common divisor of 10379 and 7663.
97
What is the greatest common factor of 3213 and 14229?
459
Calculate the greatest common factor of 4 and 13338.
2
What is the greatest common divisor of 547993 and 1072?
67
Calculate the highest common divisor of 51979 and 177.
59
What is the highest common divisor of 383 and 16?
1
What is the highest common factor of 198 and 95722?
22
Calculate the highest common factor of 7808796 and 72.
36
Calculate the highest common divisor of 3910256 and 112.
112
Calculate the highest common factor of 1610924 and 196.
196
What is the highest common divisor of 3864 and 110256?
24
Calculate the greatest common divisor of 102056 and 8.
8
Calculate the highest common factor of 1433 and 3148301.
1433
What is the highest common factor of 110625 and 10125?
375
What is the highest common factor of 28 and 4011?
7
What is the highest common factor of 584151 and 3?
3
What is the greatest common divisor of 1314 and 81?
9
Calculate the highest common divisor of 19864 and 390.
26
Calculate the highest common divisor of 45 and 90875.
5
Calculate the highest common divisor of 348282 and 132.
66
Calculate the highest common factor of 4812 and 138.
6
What is the highest common factor of 216 and 651984?
24
What is the highest common factor of 226 and 67687?
113
What is the greatest common factor of 6 and 189642?
6
What is the highest common divisor of 9107 and 31?
1
Calculate the highest common divisor of 102615 and 45.
15
What is the highest common divisor of 226784 and 608?
608
What is the highest common divisor of 2598 and 40?
2
What is the highest common factor of 1004 and 664?
4
Calculate the greatest common factor of 18981 and 152.
19
What is the highest common factor of 140 and 476?
28
Calculate the greatest common divisor of 198 and 74745.
99
What is the greatest common divisor of 2025 and 81?
81
What is the highest common factor of 2492 and 224?
28
What is the highest common divisor of 133346 and 1281?
61
Calculate the highest common factor of 1288 and 6477674.
322
Calculate the greatest common divisor of 1318871 and 349.
349
What is the greatest common factor of 234 and 59410?
26
Calculate the greatest common divisor of 19007 and 6641.
229
What is the highest common factor of 383115 and 210?
15
Calculate the greatest common divisor of 24448 and 4736.
128
Calculate the highest common divisor of 210 and 537810.
210
Calculate the highest common factor of 810 and 1630.
10
What is the highest common divisor of 1056 and 27214?
22
Calculate the highest common factor of 459180 and 10.
10
Calculate the highest common factor of 154 and 17292.
22
Calculate the highest common divisor of 356150 and 5950.
850
What is the highest common divisor of 116 and 2117?
29
Calculate the highest common divisor of 2244554 and 5272.
1318
Calculate the highest common divisor of 5933152 and 992.
992
What is the greatest common divisor of 13 and 49595?
13
What is the highest common factor of 18 and 946?
2
What is the highest common factor of 287 and 2317?
7
Calculate the greatest common divisor of 398595 and 45.
15
What is the greatest common divisor of 72 and 185688?
72
Calculate the greatest common divisor of 3960 and 1579512.
264
What is the highest common factor of 1823568 and 60?
12
Calculate the greatest common divisor of 423 and 464031.
423
Calculate the greatest common divisor of 200260 and 969.
323
What is the highest common factor of 67 and 449?
1
What is the highest common factor of 902 and 10004?
82
Calculate the highest common divisor of 413518 and 14.
14
Calculate the highest common factor of 899196 and 24.
12
Calculate the highest common divisor of 136563 and 588.
147
What is the highest common factor of 517174 and 2142?
238
Calculate the highest common divisor of 1092 and 24570.
546
What is the highest common divisor of 132 and 59268?
132
What is the greatest common factor of 21 and 209923?
7
What is the greatest common factor of 259 and 19740?
7
What is the greatest common factor of 56010 and 432?
6
Calculate the greatest common factor of 10035 and 10481.
223
Calculate the highest common factor of 500 and 2865700.
100
Calculate the highest common divisor of 1264 and 1952248.
632
What is the highest common divisor of 16006 and 477?
53
What is the highest common factor of 182 and 655382?
182
What is the greatest common factor of 13694 and 9352?
334
Calculate the highest common divisor of 3096 and 12040.
344
Calculate the greatest common divisor of 3431 and 47.
47
Calculate the greatest common divisor of 15543855 and 90.
45
What is the highest common divisor of 56 and 115528?
56
Calculate the greatest common divisor of 20865 and 5136.
321
What is the highest common divisor of 5945 and 2050?
205
Calculate the greatest common factor of 812290 and 290.
290
Calculate the greatest common factor of 70744 and 592.
296
Calculate the highest common divisor of 1296 and 3720.
24
Calculate the greatest common factor of 1092 and 3588.
156
What is the greatest common divisor of 25675 and 39?
13
Calculate the highest common factor of 5408 and 754.
26
What is the greatest common divisor of 56 and 19439?
7
Calculate the highest common divisor of 369 and 10102113.
369
Calculate the greatest common factor of 552 and 83076.
276
What is the highest common divisor of 736 and 44528?
368
What is the highest common divisor of 28 and 391706?
14
Calculate the highest common divisor of 1260 and 277470.
90
What is the highest common factor of 16 and 47768?
8
Calculate the highest common divisor of 6360 and 59625.
795
Calculate the greatest common divisor of 3354 and 133042.
1118
Calculate the highest common factor of 16184 and 298928.
952
Calculate the greatest common divisor of 33021 and 27.
27
Calculate the greatest common factor of 485 and 8736305.
485
Calculate the greatest common divisor of 52 and 9958.
26
Calculate the highest common divisor of 2072 and 6818.
14
Calculate the highest common divisor of 173586 and 336.
42
Calculate the highest common factor of 609131 and 851.
37
Calculate the highest common divisor of 84 and 300678.
42
What is the greatest common factor of 833 and 2567?
17
What is the highest common divisor of 6765 and 8241?
123
Calculate the highest common divisor of 659625 and 30.
15
Calculate the highest common factor of 75096 and 23688.
504
What is the greatest common factor of 38038 and 1078?
154
Calculate the highest common divisor of 21930 and 459.
51
What is the greatest common divisor of 1084 and 151218?
542
What is the greatest common factor of 527 and 119?
17
What is the greatest common factor of 1127085 and 435?
435
Calculate the greatest common divisor of 264234 and 1551.
141
What is the highest common divisor of 5792 and 3258?
362
What is the highest common divisor of 1034 and 2867?
47
Calculate the highest common divisor of 255 and 135.
15
What is the greatest common divisor of 53116 and 28726?
542
Calculate the greatest common divisor of 153561 and 2703.
51
What is the greatest common factor of 1055 and 3110?
5
What is the greatest common factor of 4393 and 14375?
23
What is the highest common factor of 3336 and 9796164?
1668
Calculate the greatest common divisor of 9405 and 38.
19
Calculate the greatest common factor of 225 and 244675.
25
What is the greatest common factor of 2227 and 22663?
131
What is the highest common divisor of 31611 and 2313?
771
Calculate the highest common divisor of 127590 and 45.
15
What is the highest common factor of 72 and 17235?
9
What is the greatest common divisor of 96040 and 280?
280
What is the greatest common factor of 18 and 180072?
18
What is the greatest common divisor of 27240 and 490?
10
Calculate the highest common divisor of 75473 and 9443.
71
What is the highest common divisor of 191 and 23111?
191
Calculate the highest common factor of 62 and 49507.
31
Calculate the highest common divisor of 11055 and 627.
33
What is the highest common factor of 110178 and 36?
18
Calculate the highest common factor of 3379446 and 126.
126
Calculate the highest common divisor of 64260 and 1800.
180
Calculate the highest common factor of 349487 and 137.
137
What is the highest common factor of 65610 and 35640?
810
What is the highest com